ue
Is 574579 composite?
True
Is 1923781 a prime number?
True
Is 11959 prime?
True
Is 77089 prime?
False
Is 269167 a prime number?
True
Is 1166947 a composite number?
False
Is 19297 a prime number?
False
Is 15493 a prime number?
True
Is 201757 a prime number?
True
Is 2708981 a prime number?
False
Is 58511 composite?
False
Is 293369 a prime number?
False
Is 165511 a prime number?
True
Is 883057 composite?
True
Is 471041 composite?
False
Is 13639 a composite number?
True
Is 45283 a prime number?
False
Is 20693 a prime number?
True
Is 42551 a prime number?
False
Is 1201831 a composite number?
True
Is 90217 a composite number?
False
Is 220693 prime?
False
Is 130769 a prime number?
True
Is 227963 composite?
True
Is 3307 prime?
True
Is 1229 prime?
True
Is 129869 prime?
False
Is 159927 composite?
True
Is 2099 a prime number?
True
Is 101357 prime?
False
Is 53953 composite?
True
Is 7909 a composite number?
True
Is 343517 composite?
False
Is 12689 composite?
False
Is 96293 a composite number?
False
Is 665069 a prime number?
True
Is 297919 a composite number?
True
Is 9091 prime?
True
Is 150421 prime?
False
Is 52617 composite?
True
Is 877 a prime number?
True
Is 975931 a prime number?
False
Is 3643 composite?
False
Is 53007 composite?
True
Is 8279 a composite number?
True
Is 64721 a prime number?
False
Is 10903 a composite number?
False
Is 209491 a prime number?
False
Is 1099355 composite?
True
Is 375031 a prime number?
False
Is 28113 a composite number?
True
Is 20381 composite?
True
Is 536887 a composite number?
True
Is 7807 a composite number?
True
Is 244823 a composite number?
True
Is 2616491 a prime number?
True
Is 236173 a prime number?
False
Is 427 a composite number?
True
Is 4285 a composite number?
True
Is 1073 prime?
False
Is 40871 a composite number?
True
Is 626471 prime?
False
Is 85479 composite?
True
Is 70753 composite?
False
Is 26794 a prime number?
False
Is 23251 a composite number?
False
Is 1535 a composite number?
True
Is 399557 a prime number?
True
Is 94387 prime?
False
Is 12499 a composite number?
True
Is 434831 prime?
True
Is 9413 composite?
False
Is 12653 composite?
False
Is 61189 a prime number?
False
Is 72989 a prime number?
False
Is 621331 a prime number?
False
Is 2333 prime?
True
Is 124809 composite?
True
Is 30007 a composite number?
True
Is 5227 prime?
True
Is 4441 a composite number?
False
Is 233767 a composite number?
True
Is 191413 a composite number?
False
Is 108343 a composite number?
False
Is 607279 prime?
False
Is 381673 a composite number?
False
Is 218611 prime?
True
Is 227011 a prime number?
True
Is 258331 prime?
True
Is 2888723 a composite number?
False
Is 3791 a prime number?
False
Is 26045 composite?
True
Is 2979701 a prime number?
True
Is 89255 a prime number?
False
Is 570733 a prime number?
True
Is 228643 a composite number?
True
Is 2201 a prime number?
False
Is 18589 a composite number?
True
Is 189163 a prime number?
False
Is 273653 prime?
True
Is 615337 prime?
True
Is 55049 a prime number?
True
Is 85369 composite?
False
Is 2977303 a prime number?
False
Is 48579 prime?
False
Is 39019 composite?
False
Is 88919 a prime number?
True
Is 90557 a composite number?
True
Is 318077 a prime number?
True
Is 80917 a composite number?
False
Is 1096633 prime?
False
Is 37951 a composite number?
False
Is 218939 a composite number?
True
Is 2117 composite?
True
Is 18947 a composite number?
False
Is 20789 prime?
True
Is 83301 prime?
False
Is 407249 a composite number?
False
Is 144563 a composite number?
False
Is 387391 prime?
False
Is 2936617 a prime number?
False
Is 52645 a prime number?
False
Is 200801 prime?
False
Is 5981 prime?
True
Is 81053 composite?
True
Is 63034 a composite number?
True
Is 132299 prime?
True
Is 651265 prime?
False
Is 40159 composite?
True
Is 21553 prime?
False
Is 105761 a prime number?
True
Is 126307 prime?
True
Is 211 composite?
False
Is 121661 a prime number?
True
Is 655241 a prime number?
True
Is 574691 a composite number?
True
Is 270383 a composite number?
True
Is 479555 composite?
True
Is 125381 composite?
True
Is 343019 a composite number?
False
Is 916489 prime?
False
Is 117419 a composite number?
True
Is 54523 prime?
False
Is 20681 a composite number?
False
Is 879 composite?
True
Is 89689 composite?
False
Is 623 a composite number?
True
Is 4000429 a composite number?
True
Is 634363 a prime number?
False
Is 1219 a prime number?
False
Is 893 prime?
False
Is 1192469 a prime number?
True
Is 90641 a prime number?
True
Is 11851 composite?
True
Is 15509 a prime number?
False
Is 16447 composite?
False
Is 221059 prime?
True
Is 19949 composite?
False
Is 166063 a prime number?
True
Is 35909 a composite number?
True
Is 3109 composite?
False
Is 271507 a prime number?
False
Is 75767 a prime number?
True
Is 1974221 a prime number?
True
Is 8717 a composite number?
True
Is 4783 prime?
True
Is 7183 a composite number?
True
Is 9527 a composite number?
True
Is 14439 a composite number?
True
Is 40459 a prime number?
True
Is 7069 a composite number?
False
Is 138665 composite?
True
Is 6239 a composite number?
True
Is 311263 composite?
True
Is 15493 a composite number?
False
Is 1693 composite?
False
Is 89 prime?
True
Is 374069 a prime number?
True
Is 10663 a prime number?
True
Is 670165 composite?
True
Is 41401 prime?
False
Is 373033 a prime number?
False
Is 35729 a composite number?
False
Is 2098649 a prime number?
False
Is 14137 prime?
False
Is 56197 composite?
False
Is 79057 a composite number?
True
Is 155579 composite?
False
Is 284393 a prime number?
False
Is 114605 prime?
False
Is 614 a composite number?
True
Is 57718 a composite number?
True
Is 1131001 a composite number?
True
Is 334 composite?
True
Is 310645 composite?
True
Is 180463 composite?
False
Is 204461 composite?
False
Is 829613 prime?
True
Is 6289 a composite number?
True
Is 3277 a composite number?
True
Is 22471 composite?
True
Is 109189 a prime number?
False
Is 1427253 a prime number?
False
Is 67243 prime?
False
Is 924185 a composite number?
True
Is 71317 a prime number?
True
Is 1656955 prime?
False
Is 7593 prime?
False
Is 63677 a composite number?
True
Is 116131 a composite number?
False
Is 719 a composite number?
False
Is 644773 composite?
True
Is 5749 prime?
True
Is 2321 composite?
True
Is 258121 a prime number?
False
Is 4987 a composite number?
False
Is 55009 a composite number?
False
Is 22331 a prime number?
False
Is 22205 a prime number?
False
Is 277126 a composite number?
True
Is 6193 prime?
False
Is 3453 a prime number?
False
Is 79721 a composite number?
True
Is 61127 a composite number?
True
Is 66245 a prime number?
False
Is 66733 a prime number?
True
Is 1179947 a composite number?
False
Is 148871 prime?
False
Is 5807 prime?
True
Is 42263 prime?
False
Is 102633 a prime number?
False
Is 1088405 composite?
True
Is 342473 a prime number?
False
Is 2615363 composite?
True
Is 134989 prime?
True
Is 248749 a composite number?
False
Is 234169 a composite number?
True
Is 394547 a composite number?
True
Is 602507 a composite number?
True
Is 106979 a prime number?
True
Is 1973 a composite number?
False
Is 428702 composite?
True
Is 4417 composite?
True
Is 127039 composite?
True
Is 7867 a composite number?
False
Is 5079 a prime number?
False
Is 19022 a composite number?
True
Is 281861 a prime number?
False
Is 89801 a composite number?
True
Is 721115 a composite number?
True
Is 421783 prime?
True
Is 38723 a prime number?
True
Is 145003 a prime number?
False
Is 27361 prime?
True
Is 28394 composite?
True
Is 281117 prime?
True
Is 9753 a prime number?
False
Is 38879 prime?
False
Is 2953 a prime number?
True
Is 1801 a composite number?
False
Is 89041 a prime number?
True
Is 274357 a composite number?
False
Is 219117 prime?
False
Is 278183 prime?
False
Is 49331 a prime number?
True
Is 395909 a composite number?
False
Is 317 composite?
False
Is 36913 a prime number?
True
Is 526931 composite?
False
Is 943 composite?
True
Is 4747 prime?
False
Is 193063 a composite number?
True
Is 2579 a prime number?
True
Is 15659 composite?
True
Is 7650847 a prime number?
True
Is 403433 prime?
True
Is 160509 composite?
True
Is 2867 a composite number?
True
Is 6823 composite?
False
Is 140519 composite?
True
Is 18014 a composite number?
True
Is 2440993 a prime number?
True
Is 27155 a com